e hundreds digit of 544068?
0
What is the tens digit of 289140?
4
What is the tens digit of 10124370?
7
What is the millions digit of 29244934?
9
What is the thousands digit of 2340996?
0
What is the thousands digit of 557851?
7
What is the tens digit of 2135263?
6
What is the thousands digit of 720419?
0
What is the thousands digit of 267397?
7
What is the tens digit of 481662?
6
What is the units digit of 5675514?
4
What is the hundreds digit of 105226?
2
What is the hundred thousands digit of 865196?
8
What is the thousands digit of 248316?
8
What is the millions digit of 1491999?
1
What is the thousands digit of 5361290?
1
What is the ten thousands digit of 3706806?
0
What is the units digit of 2015465?
5
What is the tens digit of 212536?
3
What is the tens digit of 735036?
3
What is the hundreds digit of 56964?
9
What is the hundreds digit of 763856?
8
What is the hundreds digit of 64892?
8
What is the tens digit of 403702?
0
What is the units digit of 366477?
7
What is the hundreds digit of 6041119?
1
What is the ten thousands digit of 332141?
3
What is the hundreds digit of 2078249?
2
What is the ten thousands digit of 4157816?
5
What is the hundred thousands digit of 429367?
4
What is the hundred thousands digit of 5606724?
6
What is the thousands digit of 8330208?
0
What is the thousands digit of 5444655?
4
What is the hundreds digit of 4121014?
0
What is the thousands digit of 215428?
5
What is the ten thousands digit of 1902889?
0
What is the hundred thousands digit of 5664421?
6
What is the millions digit of 1075224?
1
What is the hundred thousands digit of 16820038?
8
What is the hundred thousands digit of 745273?
7
What is the tens digit of 5382353?
5
What is the ten thousands digit of 8495121?
9
What is the units digit of 1981788?
8
What is the units digit of 3759766?
6
What is the units digit of 10585669?
9
What is the units digit of 851999?
9
What is the tens digit of 1135806?
0
What is the hundreds digit of 590705?
7
What is the ten thousands digit of 374092?
7
What is the tens digit of 1603237?
3
What is the units digit of 56691?
1
What is the hundreds digit of 3590562?
5
What is the ten thousands digit of 21182?
2
What is the hundreds digit of 468467?
4
What is the units digit of 94974?
4
What is the millions digit of 1101697?
1
What is the units digit of 261110?
0
What is the ten thousands digit of 207837?
0
What is the ten thousands digit of 3122099?
2
What is the tens digit of 6211943?
4
What is the tens digit of 4635629?
2
What is the tens digit of 9678362?
6
What is the thousands digit of 414443?
4
What is the hundreds digit of 3813348?
3
What is the tens digit of 11602302?
0
What is the tens digit of 11521?
2
What is the tens digit of 2752139?
3
What is the hundreds digit of 164112?
1
What is the hundred thousands digit of 3051768?
0
What is the thousands digit of 231826?
1
What is the hundred thousands digit of 2077176?
0
What is the thousands digit of 155297?
5
What is the ten thousands digit of 199458?
9
What is the millions digit of 2791732?
2
What is the tens digit of 113657?
5
What is the hundreds digit of 631445?
4
What is the thousands digit of 7837567?
7
What is the units digit of 2609415?
5
What is the tens digit of 27612838?
3
What is the hundred thousands digit of 610265?
6
What is the hundreds digit of 299386?
3
What is the tens digit of 190076?
7
What is the hundreds digit of 19464227?
2
What is the hundreds digit of 16717144?
1
What is the hundred thousands digit of 11030414?
0
What is the hundreds digit of 8817708?
7
What is the ten thousands digit of 4234126?
3
What is the thousands digit of 500662?
0
What is the ten thousands digit of 1349120?
4
What is the hundreds digit of 233822?
8
What is the hundreds digit of 5566332?
3
What is the tens digit of 5420638?
3
What is the ten thousands digit of 11718562?
1
What is the ten thousands digit of 2205769?
0
What is the hundred thousands digit of 214498?
2
What is the hundreds digit of 1236218?
2
What is the hundred thousands digit of 2699440?
6
What is the hundred thousands digit of 17497349?
4
What is the hundreds digit of 70461?
4
What is the thousands digit of 102308?
2
What is the tens digit of 23849663?
6
What is the millions digit of 1698418?
1
What is the hundreds digit of 4614629?
6
What is the units digit of 137920?
0
What is the hundreds digit of 3030183?
1
What is the thousands digit of 7171963?
1
What is the units digit of 22447090?
0
What is the thousands digit of 452168?
2
What is the hundred thousands digit of 3247333?
2
What is the millions digit of 8623354?
8
What is the ten millions digit of 12972560?
1
What is the thousands digit of 1567289?
7
What is the units digit of 89576?
6
What is the thousands digit of 8860052?
0
What is the units digit of 2349188?
8
What is the hundred thousands digit of 3761262?
7
What is the ten thousands digit of 12679619?
7
What is the hundred thousands digit of 2682809?
6
What is the thousands digit of 157615?
7
What is the units digit of 757436?
6
What is the hundreds digit of 51215?
2
What is the thousands digit of 89992?
9
What is the units digit of 3333274?
4
What is the tens digit of 14446851?
5
What is the hundreds digit of 2211790?
7
What is the ten thousands digit of 101178?
0
What is the units digit of 819214?
4
What is the ten thousands digit of 2206396?
0
What is the hundred thousands digit of 2349638?
3
What is the thousands digit of 2290887?
0
What is the hundred thousands digit of 1063737?
0
What is the tens digit of 1545881?
8
What is the thousands digit of 43832?
3
What is the thousands digit of 935874?
5
What is the units digit of 1355642?
2
What is the tens digit of 171936?
3
What is the millions digit of 4909699?
4
What is the hundred thousands digit of 222356?
2
What is the ten thousands digit of 10066283?
6
What is the units digit of 213654?
4
What is the thousands digit of 6370?
6
What is the units digit of 14975500?
0
What is the tens digit of 4413875?
7
What is the units digit of 2771854?
4
What is the tens digit of 109874?
7
What is the thousands digit of 31618609?
8
What is the ten thousands digit of 3745221?
4
What is the thousands digit of 1453561?
3
What is the millions digit of 4782889?
4
What is the thousands digit of 47784?
7
What is the millions digit of 10576992?
0
What is the millions digit of 1487457?
1
What is the units digit of 240033?
3
What is the hundreds digit of 2591047?
0
What is the hundred thousands digit of 511820?
5
What is the tens digit of 2635674?
7
What is the tens digit of 555957?
5
What is the ten thousands digit of 330285?
3
What is the thousands digit of 9983895?
3
What is the tens digit of 811437?
3
What is the tens digit of 9011?
1
What is the hundreds digit of 57597?
5
What is the hundreds digit of 5963?
9
What is the ten thousands digit of 2448531?
4
What is the ten thousands digit of 307452?
0
What is the tens digit of 139382?
8
What is the hundreds digit of 434533?
5
What is the hundreds digit of 6803?
8
What is the tens digit of 43875?
7
What is the tens digit of 2227145?
4
What is the millions digit of 5172638?
5
What is the hundreds digit of 201721?
7
What is the thousands digit of 608847?
8
What is the units digit of 22997?
7
What is the thousands digit of 131366?
1
What is the ten thousands digit of 711797?
1
What is the hundreds digit of 212072?
0
What is the hundreds digit of 183222?
2
What is the ten millions digit of 30726643?
3
What is the units digit of 429521?
1
What is the hundred thousands digit of 917961?
9
What is the hundreds digit of 7700044?
0
What is the tens digit of 122734?
3
What is the units digit of 1389704?
4
What is the hundreds digit of 193251?
2
What is the ten thousands digit of 1241970?
4
What is the hundreds digit of 41622?
6
What is the thousands digit of 1089233?
9
What is the tens digit of 12730715?
1
What is the thousands digit of 184437?
4
What is the tens digit of 1519260?
6
What is the units digit of 4512102?
2
What is the ten thousands digit of 246648?
4
What is the hundred thousands digit of 977190?
9
What is the units digit of 406243?
3
What is the thousands digit of 72443?
2
What is the ten thousands digit of 102223?
0
What is the tens digit of 573005?
0
What is the millions digit of 2052633?
2
What